{"id":1257,"date":"2023-11-06T10:42:20","date_gmt":"2023-11-06T15:42:20","guid":{"rendered":"https:\/\/thereunioncompetition.com\/?page_id=1257"},"modified":"2024-01-11T10:36:08","modified_gmt":"2024-01-11T15:36:08","slug":"camp","status":"publish","type":"page","link":"https:\/\/thereunioncompetition.com\/en\/camp\/","title":{"rendered":"Camp"},"content":{"rendered":"<p>[et_pb_section fb_built=\u00a0\u00bb1&Prime; admin_label=\u00a0\u00bbSection header information\u00a0\u00bb module_id=\u00a0\u00bbsectionHeaderInformation\u00a0\u00bb _builder_version=\u00a0\u00bb4.16&Prime; _module_preset=\u00a0\u00bbdefault\u00a0\u00bb background_enable_image=\u00a0\u00bboff\u00a0\u00bb collapsed=\u00a0\u00bboff\u00a0\u00bb global_colors_info=\u00a0\u00bb{}\u00a0\u00bb][et_pb_row column_structure=\u00a0\u00bb1_2,1_2&Prime; module_id=\u00a0\u00bbheaderPageInformation\u00a0\u00bb _builder_version=\u00a0\u00bb4.16&Prime; _module_preset=\u00a0\u00bbdefault\u00a0\u00bb background_enable_image=\u00a0\u00bboff\u00a0\u00bb locked=\u00a0\u00bboff\u00a0\u00bb global_colors_info=\u00a0\u00bb{}\u00a0\u00bb][et_pb_column type=\u00a0\u00bb1_2&Prime; module_id=\u00a0\u00bbheaderSideImage\u00a0\u00bb _builder_version=\u00a0\u00bb4.16&Prime; _module_preset=\u00a0\u00bbdefault\u00a0\u00bb background_image=\u00a0\u00bbhttps:\/\/thereunioncompetition.com\/wp-content\/uploads\/2021\/03\/header-danseuse-the-reunion.jpg\u00a0\u00bb global_colors_info=\u00a0\u00bb{}\u00a0\u00bb][et_pb_code disabled_on=\u00a0\u00bbon|off|off\u00a0\u00bb module_class=\u00a0\u00bbboxShadow\u00a0\u00bb _builder_version=\u00a0\u00bb4.23&Prime; _module_preset=\u00a0\u00bbdefault\u00a0\u00bb background_image=\u00a0\u00bbhttps:\/\/thereunioncompetition.com\/wp-content\/uploads\/2023\/11\/396583072_285142353836501_8619307024860784947_n.png\u00a0\u00bb background_size=\u00a0\u00bbcontain\u00a0\u00bb background_repeat=\u00a0\u00bbrepeat\u00a0\u00bb background_last_edited=\u00a0\u00bbon|phone\u00a0\u00bb background_image_phone=\u00a0\u00bbhttps:\/\/thereunioncompetition.com\/wp-content\/uploads\/2021\/10\/jeunenetete-mbile.jpg\u00a0\u00bb background_enable_image_phone=\u00a0\u00bbon\u00a0\u00bb global_colors_info=\u00a0\u00bb{}\u00a0\u00bb][\/et_pb_code][\/et_pb_column][et_pb_column type=\u00a0\u00bb1_2&Prime; module_class=\u00a0\u00bbblackBox\u00a0\u00bb _builder_version=\u00a0\u00bb4.16&Prime; _module_preset=\u00a0\u00bbdefault\u00a0\u00bb background_image=\u00a0\u00bbhttps:\/\/thereunioncompetition.com\/wp-content\/uploads\/2021\/06\/gold-texture-the-reunion-split2.jpg\u00a0\u00bb global_colors_info=\u00a0\u00bb{}\u00a0\u00bb][et_pb_text admin_label=\u00a0\u00bbTitre\u00a0\u00bb module_id=\u00a0\u00bbheaderPageTitle\u00a0\u00bb _builder_version=\u00a0\u00bb4.16&Prime; _module_preset=\u00a0\u00bbdefault\u00a0\u00bb custom_margin=\u00a0\u00bb147px|||||\u00a0\u00bb global_colors_info=\u00a0\u00bb{}\u00a0\u00bb]<\/p>\n<p>&nbsp;<\/p>\n<h1>Camp Immersif Reunion<br \/>24 au 26 f\u00e9vrier 2024<br \/><span style=\"font-size: xx-large;\">Date limite: 22 janvier 2024<\/span><\/h1>\n<p>[\/et_pb_text][et_pb_text admin_label=\u00a0\u00bbDate\u00a0\u00bb module_id=\u00a0\u00bbheaderPageDate\u00a0\u00bb _builder_version=\u00a0\u00bb4.16&Prime; _module_preset=\u00a0\u00bbdefault\u00a0\u00bb global_colors_info=\u00a0\u00bb{}\u00a0\u00bb]<\/p>\n<p><strong><span style=\"font-size: large;\">Besoin d\u2019un petit coup d\u2019inspiration, de d\u00e9passement ou d\u2019apprentissage, venez participer au Weekend Immersif Reunion en f\u00e9vrier prochain<\/span><\/strong><\/p>\n<p>[\/et_pb_text][et_pb_text admin_label=\u00a0\u00bbDescription\u00a0\u00bb module_id=\u00a0\u00bbheaderPageDescription\u00a0\u00bb _builder_version=\u00a0\u00bb4.23&Prime; _module_preset=\u00a0\u00bbdefault\u00a0\u00bb global_colors_info=\u00a0\u00bb{}\u00a0\u00bb]<\/p>\n<p style=\"font-weight: 400;\"><strong>Le Weekend Immersif poss\u00e8de plusieurs dimensions, voici ce qu\u2019on vous propose :<\/strong><\/p>\n<p style=\"font-weight: 400;\"><strong><\/strong><\/p>\n<ol>\n<li><em> <\/em><span style=\"font-size: medium;\"><u>2 blocs de Classes de ma\u00eetre<\/u> (1 avec Sol\u00e8ne et 1 avec Laura) chaque bloc comprend une classe chor\u00e9graphique, une classe explorative\/freestyle.<\/span><\/li>\n<li><span style=\"font-size: medium;\"><em> <\/em><u>Une conf\u00e9rence formative<\/u> : elle sert \u00e0 vous pr\u00e9senter le travail des enseignants, leur parcours, les valeurs de la comp\u00e9tition et r\u00e9pondre \u00e0 vos questions (Q&amp;A)<\/span><\/li>\n<li><span style=\"font-size: medium;\"><u>Des consultations personnelles<\/u> : celles-ci visent \u00e0 avoir un aide ext\u00e9rieur avec vos chor\u00e9graphies comp\u00e9titives avant les comp\u00e9titions avec l\u2019un des ambassadeurs. <em>*2 propositions vous sont offertes. (offre limit\u00e9e)<\/em><\/span>\n<ol>\n<li><span style=\"font-size: medium;\"><em>Consultation priv\u00e9e<\/em><\/span><\/li>\n<li><span style=\"font-size: medium;\"><em>Consultation collective (Ouvert \u00e0 tous les danseurs qui choisissent la consultation collective, devient un partage de commentaires et d\u2019informations. Les danseurs qui ne sont pas impliqu\u00e9s dans la chor\u00e9graphie sont spectateurs donc peuvent entendre les commentaires et pouvoir apprendre de ceux-ci.\u00a0<\/em><\/span><\/li>\n<\/ol>\n<\/li>\n<li><span style=\"font-size: medium;\"><u>Une audition pour les cr\u00e9ations exclusives au Showcase Reunion avec Sol\u00e8ne Filion-Danis et Laura Perron.<\/u> \u00a0Chaque ambassadeur pr\u00e9sentera une cr\u00e9ation chor\u00e9graphique exclusive pour le Showcase de R\u00e9union 2024. Ainsi, elles travailleront avec des danseurs aspirants pour r\u00e9aliser la confection et la pr\u00e9sentation de leur pi\u00e8ce in\u00e9dite.\u00a0<\/span><\/li>\n<\/ol>\n<ol><\/ol>\n<p>[\/et_pb_text][\/et_pb_column][\/et_pb_row][\/et_pb_section][et_pb_section fb_built=\u00a0\u00bb1&Prime; admin_label=\u00a0\u00bbSection Cr\u00e9er \u00c9lever\u00a0\u00bb module_class=\u00a0\u00bbsectionTextOverOrangeCentre\u00a0\u00bb _builder_version=\u00a0\u00bb4.16&Prime; _module_preset=\u00a0\u00bbdefault\u00a0\u00bb background_color=\u00a0\u00bb#e1be77&Prime; collapsed=\u00a0\u00bboff\u00a0\u00bb global_colors_info=\u00a0\u00bb{}\u00a0\u00bb][et_pb_row _builder_version=\u00a0\u00bb4.16&Prime; _module_preset=\u00a0\u00bbdefault\u00a0\u00bb custom_padding=\u00a0\u00bb99px|||||\u00a0\u00bb global_colors_info=\u00a0\u00bb{}\u00a0\u00bb][et_pb_column type=\u00a0\u00bb4_4&Prime; _builder_version=\u00a0\u00bb4.16&Prime; _module_preset=\u00a0\u00bbdefault\u00a0\u00bb global_colors_info=\u00a0\u00bb{}\u00a0\u00bb][et_pb_text module_id=\u00a0\u00bbinfoInscription\u00a0\u00bb module_class=\u00a0\u00bbsectionTextOverOrangeCentre\u00a0\u00bb _builder_version=\u00a0\u00bb4.23.1&Prime; _module_preset=\u00a0\u00bbdefault\u00a0\u00bb min_height=\u00a0\u00bb462px\u00a0\u00bb custom_margin=\u00a0\u00bb-106px|||||\u00a0\u00bb global_colors_info=\u00a0\u00bb{}\u00a0\u00bb]<\/p>\n<p style=\"font-weight: 400;\"><strong>Conditions d\u2019application pour les diff\u00e9rents volets du Weekend Immersif Reunion:<\/strong><\/p>\n<p style=\"font-weight: 400;\"><u>Blocs de Classes de ma\u00eetre &amp; conf\u00e9rence formative, 24 f\u00e9vrier 2024 :<\/u> Ouvert \u00e0 tous\u00a0<\/p>\n<p style=\"font-weight: 400;\"><u>Audition<em> Cr\u00e9ations Exclusives Showcase Reunion 2024, 25 f\u00e9vrier 2024<\/em><\/u><\/p>\n<ul>\n<li>Vous devez \u00eatre un danseur de 12 ans et plus poss\u00e9dant un niveau pr\u00e9-comp\u00e9titif\/comp\u00e9titif\/\u00e9lite<\/li>\n<li>Doit \u00eatre inscrit et participe \u00e0 Reunion 05\/2024<\/li>\n<li>Participe au Weekend Immersif Reunion<\/li>\n<li>Int\u00e9r\u00eat \u00e0 vivre une exp\u00e9rience d\u2019insertion professionnelle en danse\n<p><span style=\"font-family: inherit; font-weight: normal; font-size: medium;\">Lien pour inscription aux worskhops et auditions:<\/span> <span style=\"font-family: inherit;\"><a href=\"https:\/\/forms.gle\/feJMttnTABQ3JynC9\">https:\/\/forms.gle\/feJMttnTABQ3JynC9<\/a><\/span><\/p>\n<p><span style=\"font-family: inherit;\"><a href=\"https:\/\/forms.gle\/feJMttnTABQ3JynC9\"><\/a><\/span><span style=\"font-family: inherit;\"><a href=\"https:\/\/forms.gle\/feJMttnTABQ3JynC9\"><\/a><\/span><u style=\"font-size: 18px;\">Consultations personnelles, 25, 26 f\u00e9vrier 2024:<\/u><\/p>\n<\/li>\n<\/ul>\n<ul>\n<li>*Poss\u00e8de l\u2019autorisation du chor\u00e9graphe \u00e0 avoir des remarques\/conseils externes sur la chor\u00e9graphie.*<\/li>\n<li>Doit \u00eatre inscrit et participe \u00e0 Reunion 05\/ 2024<\/li>\n<li>Participe au Weekend Immersif Reunion<br \/><span style=\"font-family: inherit; font-weight: normal;\"><br \/>Lien pour inscription aux consultations:<\/span><span style=\"font-family: Poppins; font-size: 18px;\">\u00a0<\/span><a href=\"https:\/\/forms.gle\/81h26bbLB1wDEzNz5\" style=\"font-size: 18px;\">https:\/\/forms.gle\/81h26bbLB1wDEzNz5<\/a><\/li>\n<\/ul>\n<p><strong><\/strong><\/p>\n<p><strong>Tarifs:<\/strong><\/p>\n<p><span style=\"text-decoration: underline;\">Classe de ma\u00eetre<\/span>: Simple 95$ &#8211; Double 150$<\/p>\n<p><span style=\"text-decoration: underline;\">Auditions<\/span>:<span class=\"Apple-tab-span\"> <\/span>30$<\/p>\n<p><span style=\"text-decoration: underline;\">Classe de ma\u00eetre double + Audition:<\/span><span class=\"Apple-tab-span\"> <\/span>165$<\/p>\n<p><span style=\"text-decoration: underline;\">Consultation:<\/span> Simple<span class=\"Apple-tab-span\"> <\/span>60$ &#8211; Double<span class=\"Apple-tab-span\"> <\/span>100$ &#8211; Trois et plus<span class=\"Apple-tab-span\"> <\/span>40$ par chor\u00e9graphie<\/p>\n<p>&nbsp;<\/p>\n<p>Pour toutes questions, \u00e9crivez-nous \u00e0 <a href=\"mailto:info@thereunioncompetition.com\">info@thereunioncompetition.com<\/a><\/p>\n<p>[\/et_pb_text][\/et_pb_column][\/et_pb_row][\/et_pb_section]<\/p>\n","protected":false},"excerpt":{"rendered":"<p>&nbsp; Camp Immersif Reunion24 au 26 f\u00e9vrier 2024Date limite: 22 janvier 2024Besoin d\u2019un petit coup d\u2019inspiration, de d\u00e9passement ou d\u2019apprentissage, venez participer au Weekend Immersif Reunion en f\u00e9vrier prochainLe Weekend Immersif poss\u00e8de plusieurs dimensions, voici ce qu\u2019on vous propose : 2 blocs de Classes de ma\u00eetre (1 avec Sol\u00e8ne et 1 avec Laura) chaque bloc [&hellip;]<\/p>\n","protected":false},"author":2,"featured_media":0,"parent":0,"menu_order":0,"comment_status":"closed","ping_status":"closed","template":"","meta":{"_acf_changed":false,"_et_pb_use_builder":"on","_et_pb_old_content":"","_et_gb_content_width":"","footnotes":""},"acf":[],"_links":{"self":[{"href":"https:\/\/thereunioncompetition.com\/en\/wp-json\/wp\/v2\/pages\/1257"}],"collection":[{"href":"https:\/\/thereunioncompetition.com\/en\/wp-json\/wp\/v2\/pages"}],"about":[{"href":"https:\/\/thereunioncompetition.com\/en\/wp-json\/wp\/v2\/types\/page"}],"author":[{"embeddable":true,"href":"https:\/\/thereunioncompetition.com\/en\/wp-json\/wp\/v2\/users\/2"}],"replies":[{"embeddable":true,"href":"https:\/\/thereunioncompetition.com\/en\/wp-json\/wp\/v2\/comments?post=1257"}],"version-history":[{"count":20,"href":"https:\/\/thereunioncompetition.com\/en\/wp-json\/wp\/v2\/pages\/1257\/revisions"}],"predecessor-version":[{"id":1301,"href":"https:\/\/thereunioncompetition.com\/en\/wp-json\/wp\/v2\/pages\/1257\/revisions\/1301"}],"wp:attachment":[{"href":"https:\/\/thereunioncompetition.com\/en\/wp-json\/wp\/v2\/media?parent=1257"}],"curies":[{"name":"wp","href":"https:\/\/api.w.org\/{rel}","templated":true}]}}

<p>[et_pb_section fb_built= »1&Prime; admin_label= »Section header information » module_id= »sectionHeaderInformation » _builder_version= »4.16&Prime; _module_preset= »default » background_enable_image= »off » collapsed= »off » global_colors_info= »{} »][et_pb_row column_structure= »1_2,1_2&Prime; module_id= »headerPageInformation » _builder_version= »4.16&Prime; _module_preset= »default » background_enable_image= »off » locked= »off » global_colors_info= »{} »][et_pb_column type= »1_2&Prime; module_id= »headerSideImage » _builder_version= »4.16&Prime; _module_preset= »default » background_image= »https://thereunioncompetition.com/wp-content/uploads/2021/03/header-danseuse-the-reunion.jpg » global_colors_info= »{} »][et_pb_code disabled_on= »on|off|off » module_class= »boxShadow » _builder_version= »4.23&Prime; _module_preset= »default » background_image= »https://thereunioncompetition.com/wp-content/uploads/2023/11/396583072_285142353836501_8619307024860784947_n.png » background_size= »contain » background_repeat= »repeat » background_last_edited= »on|phone » background_image_phone= »https://thereunioncompetition.com/wp-content/uploads/2021/10/jeunenetete-mbile.jpg » background_enable_image_phone= »on » global_colors_info= »{} »][/et_pb_code][/et_pb_column][et_pb_column type= »1_2&Prime; module_class= »blackBox » _builder_version= »4.16&Prime; _module_preset= »default » background_image= »https://thereunioncompetition.com/wp-content/uploads/2021/06/gold-texture-the-reunion-split2.jpg » global_colors_info= »{} »][et_pb_text admin_label= »Titre » module_id= »headerPageTitle » _builder_version= »4.16&Prime; _module_preset= »default » custom_margin= »147px||||| » global_colors_info= »{} »]</p>
<p>&nbsp;</p>
<h1>Camp Immersif Reunion<br />24 au 26 février 2024<br /><span style="font-size: xx-large;">Date limite: 22 janvier 2024</span></h1>
<p>[/et_pb_text][et_pb_text admin_label= »Date » module_id= »headerPageDate » _builder_version= »4.16&Prime; _module_preset= »default » global_colors_info= »{} »]</p>
<p><strong><span style="font-size: large;">Besoin d’un petit coup d’inspiration, de dépassement ou d’apprentissage, venez participer au Weekend Immersif Reunion en février prochain</span></strong></p>
<p>[/et_pb_text][et_pb_text admin_label= »Description » module_id= »headerPageDescription » _builder_version= »4.23&Prime; _module_preset= »default » global_colors_info= »{} »]</p>
<p style="font-weight: 400;"><strong>Le Weekend Immersif possède plusieurs dimensions, voici ce qu’on vous propose :</strong></p>
<p style="font-weight: 400;"><strong></strong></p>
<ol>
<li><em> </em><span style="font-size: medium;"><u>2 blocs de Classes de maître</u> (1 avec Solène et 1 avec Laura) chaque bloc comprend une classe chorégraphique, une classe explorative/freestyle.</span></li>
<li><span style="font-size: medium;"><em> </em><u>Une conférence formative</u> : elle sert à vous présenter le travail des enseignants, leur parcours, les valeurs de la compétition et répondre à vos questions (Q&amp;A)</span></li>
<li><span style="font-size: medium;"><u>Des consultations personnelles</u> : celles-ci visent à avoir un aide extérieur avec vos chorégraphies compétitives avant les compétitions avec l’un des ambassadeurs. <em>*2 propositions vous sont offertes. (offre limitée)</em></span>
<ol>
<li><span style="font-size: medium;"><em>Consultation privée</em></span></li>
<li><span style="font-size: medium;"><em>Consultation collective (Ouvert à tous les danseurs qui choisissent la consultation collective, devient un partage de commentaires et d’informations. Les danseurs qui ne sont pas impliqués dans la chorégraphie sont spectateurs donc peuvent entendre les commentaires et pouvoir apprendre de ceux-ci. </em></span></li>
</ol>
</li>
<li><span style="font-size: medium;"><u>Une audition pour les créations exclusives au Showcase Reunion avec Solène Filion-Danis et Laura Perron.</u>  Chaque ambassadeur présentera une création chorégraphique exclusive pour le Showcase de Réunion 2024. Ainsi, elles travailleront avec des danseurs aspirants pour réaliser la confection et la présentation de leur pièce inédite. </span></li>
</ol>
<ol></ol>
<p>[/et_pb_text][/et_pb_column][/et_pb_row][/et_pb_section][et_pb_section fb_built= »1&Prime; admin_label= »Section Créer Élever » module_class= »sectionTextOverOrangeCentre » _builder_version= »4.16&Prime; _module_preset= »default » background_color= »#e1be77&Prime; collapsed= »off » global_colors_info= »{} »][et_pb_row _builder_version= »4.16&Prime; _module_preset= »default » custom_padding= »99px||||| » global_colors_info= »{} »][et_pb_column type= »4_4&Prime; _builder_version= »4.16&Prime; _module_preset= »default » global_colors_info= »{} »][et_pb_text module_id= »infoInscription » module_class= »sectionTextOverOrangeCentre » _builder_version= »4.23.1&Prime; _module_preset= »default » min_height= »462px » custom_margin= »-106px||||| » global_colors_info= »{} »]</p>
<p style="font-weight: 400;"><strong>Conditions d’application pour les différents volets du Weekend Immersif Reunion:</strong></p>
<p style="font-weight: 400;"><u>Blocs de Classes de maître &amp; conférence formative, 24 février 2024 :</u> Ouvert à tous </p>
<p style="font-weight: 400;"><u>Audition<em> Créations Exclusives Showcase Reunion 2024, 25 février 2024</em></u></p>
<ul>
<li>Vous devez être un danseur de 12 ans et plus possédant un niveau pré-compétitif/compétitif/élite</li>
<li>Doit être inscrit et participe à Reunion 05/2024</li>
<li>Participe au Weekend Immersif Reunion</li>
<li>Intérêt à vivre une expérience d’insertion professionnelle en danse
<p><span style="font-family: inherit; font-weight: normal; font-size: medium;">Lien pour inscription aux worskhops et auditions:</span> <span style="font-family: inherit;"><a href="https://forms.gle/feJMttnTABQ3JynC9">https://forms.gle/feJMttnTABQ3JynC9</a></span></p>
<p><span style="font-family: inherit;"><a href="https://forms.gle/feJMttnTABQ3JynC9"></a></span><span style="font-family: inherit;"><a href="https://forms.gle/feJMttnTABQ3JynC9"></a></span><u style="font-size: 18px;">Consultations personnelles, 25, 26 février 2024:</u></p>
</li>
</ul>
<ul>
<li>*Possède l’autorisation du chorégraphe à avoir des remarques/conseils externes sur la chorégraphie.*</li>
<li>Doit être inscrit et participe à Reunion 05/ 2024</li>
<li>Participe au Weekend Immersif Reunion<br /><span style="font-family: inherit; font-weight: normal;"><br />Lien pour inscription aux consultations:</span><span style="font-family: Poppins; font-size: 18px;"> </span><a href="https://forms.gle/81h26bbLB1wDEzNz5" style="font-size: 18px;">https://forms.gle/81h26bbLB1wDEzNz5</a></li>
</ul>
<p><strong></strong></p>
<p><strong>Tarifs:</strong></p>
<p><span style="text-decoration: underline;">Classe de maître</span>: Simple 95$ &#8211; Double 150$</p>
<p><span style="text-decoration: underline;">Auditions</span>:<span class="Apple-tab-span"> </span>30$</p>
<p><span style="text-decoration: underline;">Classe de maître double + Audition:</span><span class="Apple-tab-span"> </span>165$</p>
<p><span style="text-decoration: underline;">Consultation:</span> Simple<span class="Apple-tab-span"> </span>60$ &#8211; Double<span class="Apple-tab-span"> </span>100$ &#8211; Trois et plus<span class="Apple-tab-span"> </span>40$ par chorégraphie</p>
<p>&nbsp;</p>
<p>Pour toutes questions, écrivez-nous à <a href="mailto:info@thereunioncompetition.com">info@thereunioncompetition.com</a></p>
<p>[/et_pb_text][/et_pb_column][/et_pb_row][/et_pb_section]</p>

<p>&nbsp; Camp Immersif Reunion24 au 26 février 2024Date limite: 22 janvier 2024Besoin d’un petit coup d’inspiration, de dépassement ou d’apprentissage, venez participer au Weekend Immersif Reunion en février prochainLe Weekend Immersif possède plusieurs dimensions, voici ce qu’on vous propose : 2 blocs de Classes de maître (1 avec Solène et 1 avec Laura) chaque bloc [&hellip;]</p>
